 = -o**2 + o - 4. Calculate x(3).
-10
Let n(x) = -x**3 + 15*x**2 + 17*x + 5. Calculate n(16).
21
Let b(z) = -64*z + 833. What is b(13)?
1
Let b(u) = -10*u + 29. Give b(-6).
89
Let t(y) = 11*y + 35. Determine t(-6).
-31
Let p(q) = 6*q**2 + 11*q + 3. What is p(-3)?
24
Let y(f) = 22*f - 113. Give y(6).
19
Let x(q) = -2*q**3 + 44*q**2 - 43*q + 24. Determine x(21).
3
Let b(l) = -5*l + 21. Determine b(-5).
46
Let d(g) = -g**2 - 10*g - 6. Give d(-9).
3
Let m(s) = 6*s + 2. Give m(6).
38
Let f(h) = h**2 + 6*h - 48. Calculate f(-14).
64
Let o(j) = 14*j - 68. What is o(9)?
58
Let z(d) = d**2 - 11*d + 11. What is z(11)?
11
Let w(b) = -2*b**2 + 5*b + 3. What is w(4)?
-9
Let f(z) = -6*z + 3. Give f(-10).
63
Let p(s) = s + 2. Calculate p(-1).
1
Let y(x) = x**3 - 8*x**2 - 23*x + 33. Determine y(10).
3
Let h(f) = -f**2 - f + 8. Determine h(6).
-34
Let h(r) = r**3 - 4*r**2 - 7*r - 8. Determine h(6).
22
Let j(v) = -25*v - 2. Calculate j(-1).
23
Let l(d) = -d**3 - 8*d**2 - 17*d - 20. Give l(-6).
10
Let p(r) = 15*r - 2. Calculate p(-1).
-17
Let j(f) = -4*f - 6. Determine j(-5).
14
Let v(f) = 2*f**3 + 81*f**2 - 39*f + 73. Calculate v(-41).
-9
Let x(g) = -g**2 - 20*g - 43. Give x(-18).
-7
Let k(i) = -3*i**2 - 3*i - 17. Give k(-6).
-107
Let x(l) = 3*l**3 + 57*l**2 - l - 25. Determine x(-19).
-6
Let f(g) = g**3 - 9*g**2 + 10*g + 6. Give f(8).
22
Let t(w) = -2*w**2 - 70*w - 134. Determine t(-2).
-2
Let f(t) = 107*t - 2779. What is f(26)?
3
Let o(q) = -q - 15. What is o(-12)?
-3
Let m(p) = -6*p - 15. What is m(-9)?
39
Let v(b) = -b**3 - 2*b**2 + 2*b - 2. Calculate v(-6).
130
Let o(v) = 2*v**2 - 2*v - 4. Give o(-3).
20
Let v(z) = -21*z + 125. Calculate v(6).
-1
Let k(c) = -30*c. Give k(4).
-120
Let f(a) = -a**3 + 9*a**2 + 4*a - 14. What is f(9)?
22
Let r(q) = q**2 - 10*q + 15. Give r(7).
-6
Let i(x) = 2*x**3 + 24*x**2 + 28*x + 74. Calculate i(-11).
8
Let w(h) = -h**3 - 6*h**2 - 6*h + 6. Give w(-5).
11
Let y(k) = k**3 - 6*k**2 - 3*k + 13. Give y(6).
-5
Let k(f) = 18*f + 231. Calculate k(-13).
-3
Let z(j) = -j**3 + 6*j**2 - 5*j + 24. What is z(6)?
-6
Let q(p) = 6*p**3 + p**2 + 2*p + 1. What is q(-1)?
-6
Let u(j) = j**3 + 10*j**2 - 14*j + 6. Give u(-11).
39
Let s(h) = -3*h**2 + 11*h - 19. Determine s(3).
-13
Let h(q) = q**3 + 31*q**2 + 170*q + 46. What is h(-24)?
-2
Let s(k) = -2*k**3 + 3*k**2 + 5*k - 4. What is s(3)?
-16
Let v(h) = -2*h**3 - 29*h**2 - 15*h - 12. Calculate v(-14).
2
Let v(f) = -2*f**2 + 3*f - 4. What is v(4)?
-24
Let i(f) = -2*f**3 - 6*f**2 - 2*f - 4. Determine i(-4).
36
Let t(m) = -m**2 - 14*m + 17. Calculate t(-16).
-15
Let z(g) = 6*g. What is z(4)?
24
Let y(q) = -5*q**2 - 58*q - 26. What is y(-11)?
7
Let d(k) = -k**2 - 2*k - 7. Give d(-3).
-10
Let n(d) = -4*d**2 + d + 2. Calculate n(-2).
-16
Let v(c) = 9*c + 6. What is v(3)?
33
Let d(s) = 4*s**2 - 4. Determine d(0).
-4
Let s(h) = 2*h**2 - 5*h - 9. Calculate s(5).
16
Let h(u) = u**2 - 13*u - 12. What is h(13)?
-12
Let w(m) = -10*m**2 - 1. Calculate w(2).
-41
Let q(i) = 2*i**3 + 54*i**2 - 59*i - 89. Give q(-28).
-5
Let c(o) = 2*o**3 - 6*o**2 - 10*o + 29. Determine c(2).
1
Let k(q) = -q**2 + 12*q + 1. Calculate k(9).
28
Let a(f) = 38*f**3 + f**2 - f - 1. Give a(-1).
-37
Let h(y) = -2*y**2 - y + 5. Determine h(-2).
-1
Let f(j) = -j**2 - 8*j + 7. Determine f(-8).
7
Let d(n) = 32*n**2 - 2*n + 2. Determine d(1).
32
Let j(u) = -15*u + 11. Determine j(6).
-79
Let i(r) = 12*r + 6. What is i(-4)?
-42
Let k(p) = p**3 + 7*p**2 - 8*p + 5. Give k(-8).
5
Let z(m) = 3*m - 6. Give z(4).
6
Let y(i) = i**2 + 18*i + 45. Determine y(-16).
13
Let d(k) = -k - 27. Give d(0).
-27
Let n(m) = 2*m**2 + 10*m + 5. What is n(-5)?
5
Let n(v) = -v**2 - 7*v - 2. What is n(-6)?
4
Let t(u) = -59*u + 648. Calculate t(11).
-1
Let q(x) = -x**3 + 8*x**2 - 10*x + 20. Determine q(7).
-1
Let o(i) = -55*i + 935. Give o(17).
0
Let n(x) = -x**3 + 3*x**2 - 4*x. Give n(2).
-4
Let s(r) = -r**3 + 2*r**2 - r + 1. Give s(5).
-79
Let q(b) = -3*b + 3. Determine q(3).
-6
Let t(o) = -o**3 + 13*o**2 + 23*o + 106. Calculate t(15).
1
Let m(r) = 10*r - 7. What is m(-6)?
-67
Let j(h) = -h**2 + 21*h - 22. What is j(20)?
-2
Let d(x) = 13*x - 5. Determine d(2).
21
Let x(b) = -6*b + 3. Give x(-6).
39
Let h(m) = -m**2 + 10*m - 11. What is h(9)?
-2
Let h(m) = -m - 6. Give h(9).
-15
Let u(s) = s**2 + s - 22. Calculate u(0).
-22
Let s(o) = -o - 4. Calculate s(-3).
-1
Let q(u) = u**3 + 9*u**2 - 23*u + 23. Determine q(-11).
34
Let u(l) = -l - 7. Determine u(-10).
3
Let a(x) = x**3 + 23*x**2 - 1. Calculate a(-23).
-1
Let q(f) = -f + 7. Give q(16).
-9
Let n(k) = 3*k + 87. What is n(-28)?
3
Let c(y) = 14*y - 2. Give c(2).
26
Let n(k) = 49*k + 79. Calculate n(-2).
-19
Let n(p) = 2*p**2 - 5*p - 13. Determine n(-2).
5
Let u(s) = s**3 + 3*s**2 - 15*s - 15. Give u(-5).
10
Let h(q) = -q**3 + 9*q**2 + q + 4. Determine h(9).
13
Let b(q) = q**2 + 12*q - 112. Give b(-18).
-4
Let b(c) = 2*c**3 - 3*c**2 - 4*c + 1. What is b(3)?
16
Let g(z) = z**3 - 11*z**2 + 30*z. Determine g(6).
0
Let a(m) = 24*m + 44. What is a(-2)?
-4
Let j(g) = -5*g - 22. Determine j(-4).
-2
Let t(y) = 16*y - 207. Determine t(13).
1
Let n(v) = 2*v**2 + 11*v + 4. Calculate n(-5).
-1
Let c(p) = -p**2 - 13*p - 8. Determine c(-8).
32
Let z(q) = -q - 25. Calculate z(-18).
-7
Let b(n) = n**2 + 3*n - 8. Determine b(-5).
2
Let i(d) = 2*d**2 + 17*d - 7. What is i(-9)?
2
Let c(j) = j**3 - 3*j**2 - 5*j + 5. What is c(4)?
1
Let r(x) = 13*x - 2. Determine r(-5).
-67
Let f(a) = a**2 + 13*a + 18. Determine f(-8).
-22
Let g(w) = -2*w**2 + 13*w + 353. What is g(17)?
-4
Let i(o) = o**3 - 10*o**2 + 11. Calculate i(10).
11
Let k(u) = -8*u - 75. Give k(-7).
-19
Let l(d) = -2*d**3 - 9*d**2 - d - 92. What is l(-6)?
22
Let m(w) = 8*w - 7. Calculate m(1).
1
Let p(b) = b**2 - 26*b - 6. What is p(28)?
50
Let b(d) = 2*d - 16. Calculate b(5).
-6
Let u(t) = -9*t + 29. Calculate u(3).
2
Let f(y) = y**3 + 11*y**2 + 4*y - 23. Give f(-10).
37
Let l(c) = 5*c**3 + 26*c**2 + 4*c + 4. What is l(-5)?
9
Let d(i) = -3*i - 68. What is d(-21)?
-5
Let v(q) = q**3 - 12*q**2 + 9*q + 30. What is v(11)?
8
Let a(i) = i**2 + 23*i + 19. Calculate a(-21).
-23
Let h(j) = -3*j + 10. Give h(6).
-8
Let n(u) = -5*u + 8. What is n(5)?
-17
Let f(j) = -2*j**2 - 24*j + 28. What is f(-13)?
2
Let d(y) = -3*y**3 - 2*y**2 - 3*y. Determine d(-1).
4
Let l(v) = -4*v - 12. Calculate l(7).
-40
Let w(d) = d**3 - d**2 - d - 8. Give w(0).
-8
Let s(o) = 2*o**3 - 18*o**2 + 21*o - 8. Determine s(7).
-57
Let y(c) = -27*c + 5. Calculate y(-3).
86
Let q(h) = 4*h - 43. Give q(14).
13
Let o(y) = y**2 - 5*y + 6. Give o(5).
6
Let p(x) = x**3 + 5*x**2 - 11*x + 2. Calculate p(-7).
-19
Let y(a) = -4*a + 17. Determine y(7).
-11
Let o(z) = -4*z - 58. Give o(-27).
50
Let k(s) = -s**3 + 11*s**2 - 19*s + 4. Calculate k(9).
-5
Let o(t) = -t**2 - 3*t + 11. Give o(-5).
1
Let g(m) = -m**3 + 37*m**2 - 32*m - 135. What is g(36)?
9
Let o(x) = -x**3 + 10*x**2 - 8*x - 15. Calculate o(9).
-6
Let h(w) = -w**2 - 6*w + 7. What is h(-5)?
12
Let m(i) = 2*i - 9. Calculate m(9).
9
Let m(u) = u**3 - 7*u**2 + 16*u - 12. Determine m(8).
180
Let b(h) = 39*h**3 - h + 2. Determine b(1).
40
Let m(r) = -r - 39. Give m(-34).
-5
Let x(s) = -s**3 + 15*s**2 - 27*s - 1. What is x(13)?
-14
Let w(u) = -6*u - 12. What is w(-3)?
6
Let w(s) = -s**3 + 5*s**2 - 6*s + 4. Calculate w(4).
-4
Let u(z) = z**2 - 5*z. Give u(8).
24
Let s(v) = -v**3 + v**2 - 4*v + 3. Calculate s(1).
-1
Let n(b) = 2*b - 12. Determine n(15).
18
Let d(l) = l**3 - 23*l**2 - 287*l - 38. Give d(32).
-6
Let p(s) = -s**2 + 3*s - 6. Calculate p(4).
-10
Let m(t) = -t**3 + 6*t**2 - 7*t - 8. What is m(4)?
-4
Let s(w) = 2*w**2 + 46*w + 12. Calculate s(-23).
12
Let q(x) = 2*x**2 + 79*x + 42. Give q(-39).
3
Let p(l) = l**3 - 10*l**2 - 9*l + 2. Calculate p(11).
24
Let t(z) = -5*z - 32. Calculate t(-5).
-7
Let q(j) = -j**3 + 2*j**2 + 9*j - 24. Calculate q(3).
-6
Let s(n) = n**2 - 5*n - 5. Give s(-2).
9
Let m(s) = -3*s - 4. What is m(-11)?
29
Let a(f) = -f**2 + 5*f - 3. Calculate a(5).
-3
Let y(g) = -4*g - 100. Calculate y(-19).
-24
Let u(x) = x**3 - 2*x**2 - 2*x. Give u(3).
3
Let a(p) = p. Determine a(9).
9
Let s(f) = -f**3 - f**2 + 2*f - 3. Calculate s(2).
-11
Let x(o) = -o**3 - 2*o + 20. Give x(0).
20
Let z(f) = -f**2 - 9*f + 1. What is z(-5)?
21
Let r(m) = m**3 - 14*m**2 + 12*m